 5*t**4/12 + t**3 - 9*t**2/2 - 6*t. Calculate o(6).
-9
Let d(o) = -2*o - 4. Let v(x) = -2*x - 3. Let b(j) = 4*d(j) - 3*v(j). Calculate b(-8).
9
Let r(z) = 5*z + 16. Let p(i) = -i - 3. Let u(l) = -11*p(l) - 2*r(l). Let t be u(-3). Let b be 8/(-3) - t/3. Let d(n) = -n**3 + 2*n - 1. What is d(b)?
3
Let v(w) = -w + 1. Let k be ((-6)/15)/(2/(-10)). Suppose 0*d - k*d + 8 = 0. Determine v(d).
-3
Let s(z) = -2*z**2 + 19 + 4*z - 2*z + 3*z - 22. Calculate s(3).
-6
Let s(k) be the third derivative of k**4/12 - 4*k**3/3 + 3*k**2. Let n(a) = a**2 - 3. Let f be n(-3). Give s(f).
4
Let i(l) = -l**2 - 3*l + 5. Let j(k) = -3*k**3 - 2*k**2 + 2*k - 1. Let w be j(1). Calculate i(w).
1
Let u = 206 - 202. Let p(s) = -2*s**2 + 2*s + 1. Give p(u).
-23
Let t(q) = q**3 + 1. Let u(z) = -2*z**3 + 4*z**2 + 4*z + 4. Let v(f) = -t(f) - u(f). Let m be (-2)/(-4)*(8 + 2). What is v(m)?
0
Let t = -25 + 23. Let p(o) = 3*o**2 + 2*o + 1. Calculate p(t).
9
Let d(u) = 2 + 4*u**2 - 3*u**2 - 3 - 4*u + 4. Determine d(3).
0
Let p(q) = -q**3 + q**2 + 4*q + 3. Let s be p(3). Let b(m) = -m**2 + 4. What is b(s)?
-5
Let s(d) = -2*d - 2. Let a(q) = q + 1. Let x(y) = -3*a(y) - 2*s(y). Let u = 9 + -13. Let t(h) = -6*h - 9. Let v(o) = u*x(o) - t(o). What is v(-4)?
-3
Let b(f) = f**2 + 2*f - 5. Let k be 28/2 + (-3 - 1). Suppose -8*r + k*r + 10 = 0. Calculate b(r).
10
Let i(p) be the second derivative of -p**4/12 + 2*p**3/3 - 2*p. Suppose -3 = -3*q + 3*v, 2*q - 31 = -2*q - 5*v. Determine i(q).
0
Suppose 7 = -5*h - 0*n + 4*n, -4*h - 4 = -4*n. Let s(k) = -2*k**2 + 3*k**2 - 48*k**3 + 4 - 3*k + 49*k**3. What is s(h)?
-5
Let v(d) be the second derivative of d**5/40 - 5*d**4/24 - 2*d**3/3 + d. Let l(k) be the second derivative of v(k). Give l(4).
7
Let o(i) = -42*i + 36*i - 1 - i**2 - 6. Give o(-6).
-7
Suppose -5*o - r = -19 + 5, 5*o = 2*r + 2. Let q(h) be the third derivative of 0 + 1/30*h**5 - 5/24*h**4 + 1/3*h**3 + o*h**2 + 0*h. Determine q(3).
5
Let k = 10 + -5. Suppose -4*i - s - k = -8*i, 4*i = 5*s - 7. Let d(a) = 3*a**2 + 1 - 3*a**2 - 4 - i*a + a**2. Calculate d(4).
5
Let b be 1*(-2)/(-3)*24/(-8). Let w(m) = -8*m - 3. What is w(b)?
13
Let v = 207 - 294. Let h be v/(-5) - 4/10. Suppose -2*j = 2*r - 18, 24 = 4*r + 5*j - h. Let k(l) = -l**3 + 5*l**2 - 6*l + 4. What is k(r)?
-4
Let t(l) be the second derivative of -l**5/20 + l**4/2 + l**3 + 5*l**2 - 39*l. Calculate t(7).
3
Let i(h) = 1 - 6*h**3 - 4*h**2 - 3*h**2 - 6*h**3 + 5*h**2. Calculate i(1).
-13
Let p(t) = 4*t + 0*t**2 - t**3 - 1 + 3*t**2 - 5*t**2. Calculate p(-3).
-4
Let s(h) = h**2 - 5*h - 3. Let l be 1/3 - 50/15. Let d be (-12)/(l + 1 + 0). Give s(d).
3
Let h(u) = u + 3. Let d(n) = n**2 - 6*n - 4. Let z(p) = -p**2 + 7*p - 3. Let y be z(5). Let c be d(y). Calculate h(c).
6
Let c(f) = -f**2 - 3*f + 4. Let t(v) = -v**2 + v + 3. Let h be t(5). Let l = -20 - h. Give c(l).
4
Let g(o) = o**3. Suppose v = -10 + 9. Calculate g(v).
-1
Let x = -83 + 88. Let v(h) = -h**3 + 4*h**2 + 7*h - 4. Calculate v(x).
6
Let k(c) = c**3 - c**2 - 2*c + 1. Let n(g) = -2*g**3 + 3*g**2 + 5*g - 3. Let x(w) = -11*k(w) - 6*n(w). Give x(8).
7
Let f(l) = -3*l + 3*l - 5*l + 3*l - 6. Let m(r) = -3*r - 7. Let z(s) = -5*f(s) + 4*m(s). Calculate z(5).
-8
Let j = 18 + -16. Let r(v) = -2*v**3 + 3*v**2 + 4*v + 3. Let f(d) = d**3 - 4*d**2 - 3*d - 3. Let t(w) = j*r(w) + 3*f(w). Give t(-6).
3
Let z(m) = m**3 - m**2 + m. Let k(l) = 2*l**3 + 3*l**2 + 3*l + 4. Let g(d) = k(d) - z(d). Give g(-4).
-4
Let y(l) = 0*l + l**2 - 4*l + 3 + l. Let f(v) = -v + 27. Let i be f(0). Let k be (2*1)/(18/i). Calculate y(k).
3
Let v(y) be the second derivative of y**5/20 + y**4/3 + y**3/3 - y**2 + 3*y. Give v(-3).
1
Let o(a) = a**3 - 6*a**2 - a + 6. Let z(g) = 3*g**2 - 2. Let q be z(4). Suppose -2 = -2*d + 5*x, 5*d + x - q + 14 = 0. What is o(d)?
0
Let u(v) = -2*v + 3. Let n(c) = -c + 2. Let d(x) = 5*n(x) - 3*u(x). Let o = 1 - 0. Let h be (2 + -4)/(2/o). Give d(h).
0
Let u(r) = 5*r - 3. Let h(c) = -16*c + 15. Let q(a) = -1. Let g(l) = -h(l) - 5*q(l). Let t(y) = -6*g(y) + 20*u(y). Determine t(-1).
-4
Let n(y) be the third derivative of y**4/6 - y**3/6 + 3*y**2. Determine n(-1).
-5
Let z(l) = l + 10. Let n be z(-5). Let m(g) = 5*g + 13. Let u(j) = j + 1. Let p(d) = -m(d) + 6*u(d). What is p(n)?
-2
Let t = -4 + 3. Let j(z) = z**2 - 5*z - 1. Let a(i) = 5 + 2 - 2 + i - 6. Let g(h) = t*a(h) - j(h). What is g(5)?
-3
Let h = 29 - 33. Let g(u) = -2*u**2 + 3*u**2 - 2*u**2 - 4*u - 1. Calculate g(h).
-1
Let u(s) = -s**2 - 10*s - 4. Let o be u(-8). Suppose -4*f + o = -f. Let t(p) = p**3 - 3*p**2 + p - 4. Calculate t(f).
16
Let o(l) = -11*l**3 - 2*l**2 - 2*l - 1. Let u be (-8)/(-10) + (-12)/15. Suppose u = 5*d - 3*d + 2. What is o(d)?
10
Let v be -8 + 3*(-3 + 4). Let q(c) = -2*c - 4*c**2 + c + 7 - 3*c. Let f(z) = 3*z**2 + 4*z - 6. Let m(a) = -3*f(a) - 2*q(a). Determine m(v).
-1
Suppose -5*p = -8 + 58. Let l(f) = -f**2 - 10*f + 9. Give l(p).
9
Let g(h) = -4*h. Suppose 0*y + 4*y = -4. Calculate g(y).
4
Suppose 4*p - 2*k - 6 = 0, -3*p + 5 + 0 = -2*k. Let g(x) be the second derivative of -x + 0 + 0*x**2 - 1/6*x**3. What is g(p)?
-1
Let o(w) = 8*w**2 + 1. Suppose n - 4 + 5 = 0. Calculate o(n).
9
Let v(m) = -m - 4. Suppose -10 = 18*z - 20*z. Calculate v(z).
-9
Let j(n) = 2*n**3 - 15*n**2 - 2*n - 1. Let a(u) = -3*u**3 + 23*u**2 + 3*u + 2. Let t(q) = 5*a(q) + 8*j(q). Calculate t(5).
-3
Suppose -15 = -h + 4*h. Let w(c) = 2*c - 9*c + 5*c - 7. What is w(h)?
3
Let o(p) be the first derivative of p**3/3 - 7*p**2/2 + 7*p - 15. Let w(d) = -2*d - 3. Let u be w(-4). Calculate o(u).
-3
Suppose 0 = -3*j - 3, 4*f + 3*j - 21 = 4. Let u(r) = 1 + 7 + r + r**2 - r**3 + f - 17. What is u(-2)?
8
Let t = 22 + -6. Suppose -5*b = -b - t. Let v(i) = i**3 + 2*i + 10*i - 5*i + 0*i**2 - 6*i**2 - b. Determine v(5).
6
Let w(q) = q**3 + 3*q**2 - q + 5. Let i be w(-4). Let x(y) be the second derivative of -y**5/20 - 7*y**4/12 + y**3/6 + 3*y**2/2 + y. Give x(i).
-4
Let p be (-2 - -5 - 1) + -4. Let m(b) = -4*b**3 + 4 + 3*b + 3*b**3 - 1 + 0*b**2 - 2*b**2. Calculate m(p).
-3
Let m be -1 + 3 + -9 - -2. Let b(i) = i - 3. Calculate b(m).
-8
Let d(n) = 2*n + 8*n**2 + 4*n + 2*n + 9 + n**3. What is d(-7)?
2
Let f be (-1 + 1)*2/(-4). Let q(a) = -a**2 - 1. Let x be q(f). Let l(t) = -2*t. Give l(x).
2
Let n be 2 + 1/(-2)*-4. Let o(m) = m**2 + m + 1. Let d(t) = -t. Let u(k) = 5*d(k) + o(k). Determine u(n).
1
Let n = 10 + -8. Let m(v) = -6*v**2 + 13*v - 1. Let k(b) = 3*b**2 - 6*b + 1. Let o(d) = -5*k(d) - 2*m(d). Determine o(n).
-7
Let g = 0 - 1. Let m be g/(1/((-9)/(-3))). Let f(u) = 0*u - 3*u + 1 + 2*u. Calculate f(m).
4
Let o(t) be the second derivative of t**5/20 + 7*t**4/12 + 3*t**3/2 + 4*t**2 - 5*t. Calculate o(-6).
-10
Let n(i) = i**3 - 5*i**2 - 6*i + 9. Let m = 57 + -51. Determine n(m).
9
Suppose 9 + 0 = 3*j + 3*n, 13 = 5*j + 3*n. Let o be j/(0 + (-2)/9). Let b(t) = t**3 + 10*t**2 + 10*t + 11. Let u be b(o). Let v(f) = 3*f - 3. What is v(u)?
3
Let t(y) = 2*y**3 + 2*y**2 - y. Let r = -28 + 26. Give t(r).
-6
Let u = 18 - 14. Let t(m) = -5*m**3 + m**2 - 9*m + 10. Let z(b) = 14*b**3 - 4*b**2 + 26*b - 29. Let y(q) = -11*t(q) - 4*z(q). Give y(u).
2
Let g(u) = 2*u + 9. Let x be g(-3). Let a(w) = -w**2 + 3*w + 3. Determine a(x).
3
Suppose 2*d - 1 = 3. Let h(x) = -x**d + x**3 - 5*x**3 - 4*x**3 + 0*x + x. Calculate h(1).
-8
Let r(q) be the first derivative of q**6/360 + q**5/24 + q**4/4 + 2*q**3/3 - 3. Let z(s) be the third derivative of r(s). Calculate z(-4).
2
Let z(m) be the third derivative of 0 + 0*m + 1/6*m**3 - 3*m**2 + 1/60*m**5 - 1/24*m**4. What is z(1)?
1
Let k(w) = w + 5. Let q be k(0). Suppose 6*z = z + 20. Let x(g) = q*g + g - z*g. Give x(2).
4
Suppose -3*y = y - 3*q + 7, -y + 5*q = 23. Let x(p) = p**3 + 5*p + 4 - 2*p**y - 2*p - 3*p**2. Let r = 10 + -7. Determine x(r).
-5
Let k be ((-24)/(-8))/(3/2). Let g(h) = -h**3 + 5*h**2 + 5*h. Let c(p) = -3*p**3 + 9*p**2 + 9*p - 1. Let t(b) = k*c(b) - 5*g(b). Calculate t(-6).
4
Let p(i) = -7*i**2 - 3*i - 2. Let o(k) = k**2. Let q(s) = -6*o(s) - p(s). Calculate q(-2).
0
Let z(a) = -a**2 - a + 1. Let b(w) = 3*w**2 - 5*w - 4. Let n(u) = b(u) + 4*z(u). Determine n(-5).
20
Let h(q) = q**2 + 6*q + 8. Let n(g) = 5*g - 16. Let m be n(2). Determine h(m).
8
Let n(l) = 7*l**2 - 11*l + 7. Let d(t) = -19*t**2 + 32*t - 21. Let w(y